on factor of 100 and 40?
20
What is the highest common divisor of 76 and 5149?
19
Calculate the highest common divisor of 9 and 6228.
9
Calculate the highest common factor of 20 and 1010.
10
Calculate the greatest common factor of 182 and 70.
14
Calculate the greatest common factor of 135 and 27.
27
Calculate the greatest common factor of 3676 and 8.
4
Calculate the greatest common factor of 1305 and 45.
45
What is the highest common divisor of 432 and 88?
8
Calculate the highest common divisor of 24 and 60.
12
What is the greatest common divisor of 90 and 60?
30
What is the greatest common factor of 89859 and 231?
231
What is the highest common factor of 276 and 12?
12
Calculate the greatest common divisor of 2266 and 242.
22
What is the highest common factor of 48 and 132?
12
What is the highest common divisor of 32 and 96?
32
Calculate the highest common factor of 123 and 41.
41
Calculate the greatest common divisor of 224 and 56.
56
Calculate the greatest common divisor of 4238 and 3097.
163
Calculate the highest common divisor of 24 and 176.
8
What is the highest common divisor of 300 and 876?
12
What is the greatest common divisor of 88 and 16?
8
Calculate the greatest common divisor of 2 and 224.
2
Calculate the greatest common factor of 72 and 2952.
72
Calculate the highest common divisor of 21 and 15.
3
Calculate the greatest common factor of 13 and 169.
13
Calculate the greatest common divisor of 32 and 6176.
32
What is the greatest common factor of 3768 and 12?
12
What is the highest common factor of 2189 and 11?
11
What is the highest common divisor of 30627 and 1107?
369
What is the greatest common divisor of 201 and 26867?
67
What is the greatest common divisor of 90 and 387?
9
What is the highest common factor of 84 and 903?
21
What is the greatest common divisor of 6 and 51?
3
Calculate the greatest common factor of 39 and 51.
3
What is the highest common factor of 390 and 234?
78
What is the highest common divisor of 2249 and 13?
13
What is the greatest common divisor of 237 and 21?
3
What is the highest common factor of 1118 and 182?
26
Calculate the highest common factor of 459 and 2169.
9
What is the highest common divisor of 106 and 159?
53
What is the highest common divisor of 1463 and 28?
7
Calculate the greatest common divisor of 77 and 21.
7
What is the greatest common divisor of 76 and 3629?
19
Calculate the greatest common factor of 65 and 676.
13
What is the greatest common divisor of 6 and 12798?
6
Calculate the highest common divisor of 3010 and 43.
43
What is the greatest common factor of 204 and 8?
4
Calculate the greatest common factor of 3516 and 12.
12
Calculate the greatest common divisor of 196 and 294.
98
Calculate the highest common factor of 702 and 369.
9
What is the greatest common divisor of 65 and 78?
13
What is the highest common divisor of 70 and 5?
5
Calculate the highest common factor of 741 and 195.
39
Calculate the greatest common divisor of 1085 and 1395.
155
What is the greatest common factor of 48 and 592?
16
What is the greatest common divisor of 7616 and 3584?
448
What is the highest common divisor of 10 and 295?
5
Calculate the highest common divisor of 570 and 779.
19
What is the highest common divisor of 140 and 105?
35
What is the greatest common factor of 17806 and 58?
58
Calculate the highest common factor of 2528 and 24.
8
Calculate the highest common factor of 539 and 11.
11
Calculate the highest common divisor of 14 and 26.
2
Calculate the highest common divisor of 14 and 112.
14
Calculate the greatest common divisor of 11 and 2596.
11
What is the highest common divisor of 169 and 13?
13
Calculate the greatest common factor of 52195 and 39.
13
Calculate the highest common divisor of 40 and 90.
10
Calculate the highest common factor of 1062 and 18.
18
What is the highest common divisor of 126 and 234?
18
What is the highest common factor of 148 and 814?
74
Calculate the highest common divisor of 154 and 14.
14
Calculate the greatest common divisor of 2 and 58.
2
What is the greatest common factor of 176 and 110?
22
What is the greatest common factor of 18 and 4014?
18
Calculate the greatest common divisor of 12 and 1308.
12
Calculate the greatest common factor of 221 and 416.
13
Calculate the highest common divisor of 250 and 70.
10
What is the greatest common factor of 42042 and 14?
14
What is the highest common divisor of 82 and 16154?
82
Calculate the greatest common factor of 105 and 1890.
105
Calculate the greatest common factor of 144 and 528.
48
What is the greatest common divisor of 75 and 1395?
15
What is the greatest common divisor of 208 and 28?
4
Calculate the greatest common factor of 462 and 594.
66
What is the greatest common factor of 91 and 7?
7
Calculate the greatest common divisor of 78 and 182.
26
What is the highest common divisor of 1150 and 1472?
46
Calculate the highest common divisor of 567 and 42.
21
Calculate the highest common factor of 28 and 546.
14
Calculate the highest common factor of 108 and 405.
27
What is the highest common divisor of 5 and 25?
5
Calculate the highest common divisor of 784 and 14.
14
Calculate the greatest common factor of 630 and 140.
70
What is the greatest common divisor of 9 and 1143?
9
What is the greatest common divisor of 5 and 4635?
5
What is the highest common factor of 25655 and 35?
35
Calculate the highest common factor of 2050 and 100.
50
What is the highest common divisor of 65 and 60?
5
Calculate the greatest common factor of 170 and 425.
85
Calculate the greatest common factor of 21 and 336.
21
What is the greatest common factor of 2698 and 38?
38
Calculate the highest common divisor of 5544 and 280.
56
Calculate the greatest common divisor of 380 and 2565.
95
Calculate the greatest common divisor of 39 and 16718.
13
What is the highest common divisor of 1413 and 2669?
157
Calculate the highest common factor of 2929 and 101.
101
What is the greatest common factor of 1008 and 21?
21
Calculate the highest common factor of 1998 and 74.
74
What is the greatest common factor of 7 and 1561?
7
What is the highest common divisor of 34 and 2176?
34
Calculate the highest common divisor of 11 and 3113.
11
Calculate the highest common divisor of 243 and 216.
27
What is the highest common divisor of 1701 and 21?
21
Calculate the highest common divisor of 9583 and 185.
37
Calculate the greatest common divisor of 35 and 168.
7
What is the highest common factor of 5613 and 6?
3
What is the greatest common divisor of 288 and 54?
18
What is the highest common divisor of 429 and 351?
39
What is the greatest common divisor of 60 and 9?
3
What is the highest common factor of 76 and 2204?
76
Calculate the highest common divisor of 2810 and 10.
10
What is the highest common divisor of 60 and 96?
12
Calculate the greatest common divisor of 2646 and 54.
54
Calculate the greatest common divisor of 50 and 275.
25
What is the highest common divisor of 55 and 9350?
55
Calculate the greatest common factor of 100 and 7100.
100
What is the greatest common factor of 15 and 129?
3
What is the highest common factor of 28 and 448?
28
Calculate the greatest common factor of 368 and 8.
8
What is the greatest common divisor of 246 and 5576?
82
What is the greatest common factor of 9 and 123?
3
What is the highest common factor of 2449 and 2?
1
What is the highest common factor of 2466 and 36?
18
What is the highest common divisor of 33 and 55?
11
Calculate the greatest common factor of 420 and 516.
12
Calculate the greatest common factor of 6 and 4.
2
What is the highest common divisor of 14 and 1092?
14
Calculate the highest common factor of 1612 and 52.
52
What is the highest common divisor of 40633 and 537?
179
Calculate the greatest common divisor of 707 and 1616.
101
What is the highest common divisor of 2 and 9?
1
Calculate the greatest common divisor of 35290 and 10.
10
What is the greatest common divisor of 110 and 3718?
22
What is the greatest common factor of 13 and 4225?
13
What is the highest common factor of 2046 and 2604?
186
Calculate the greatest common factor of 2183 and 74.
37
Calculate the highest common divisor of 98 and 2401.
49
What is the highest common divisor of 1302 and 93?
93
Calculate the highest common divisor of 680 an